is the thousands digit of 6126274?
6
What is the millions digit of 1349515?
1
What is the hundred thousands digit of 224018?
2
What is the hundred thousands digit of 940316?
9
What is the tens digit of 124761?
6
What is the hundreds digit of 6769585?
5
What is the tens digit of 569095?
9
What is the units digit of 2651274?
4
What is the millions digit of 1500946?
1
What is the units digit of 24196957?
7
What is the thousands digit of 6958340?
8
What is the hundred thousands digit of 202397?
2
What is the thousands digit of 1347998?
7
What is the hundreds digit of 12172859?
8
What is the thousands digit of 660815?
0
What is the hundreds digit of 348775?
7
What is the thousands digit of 3174232?
4
What is the tens digit of 3175206?
0
What is the thousands digit of 1064167?
4
What is the ten thousands digit of 1160446?
6
What is the thousands digit of 31635192?
5
What is the thousands digit of 10883278?
3
What is the tens digit of 139963?
6
What is the ten thousands digit of 2065069?
6
What is the hundreds digit of 6600025?
0
What is the tens digit of 207183?
8
What is the units digit of 1432882?
2
What is the ten thousands digit of 36496?
3
What is the hundreds digit of 11827851?
8
What is the millions digit of 12922053?
2
What is the ten thousands digit of 2646707?
4
What is the hundred thousands digit of 1405015?
4
What is the ten thousands digit of 1645953?
4
What is the ten thousands digit of 10745861?
4
What is the tens digit of 2715572?
7
What is the ten thousands digit of 1991056?
9
What is the units digit of 366005?
5
What is the units digit of 2850941?
1
What is the millions digit of 2778549?
2
What is the units digit of 27973860?
0
What is the tens digit of 245264?
6
What is the units digit of 11199566?
6
What is the hundred thousands digit of 1878917?
8
What is the hundreds digit of 2091578?
5
What is the hundred thousands digit of 2447604?
4
What is the hundred thousands digit of 485762?
4
What is the hundreds digit of 67848?
8
What is the hundred thousands digit of 17623199?
6
What is the tens digit of 166497?
9
What is the tens digit of 4424?
2
What is the hundreds digit of 1245655?
6
What is the ten thousands digit of 2094041?
9
What is the hundreds digit of 286432?
4
What is the ten thousands digit of 247041?
4
What is the ten thousands digit of 194222?
9
What is the ten thousands digit of 61097?
6
What is the thousands digit of 567012?
7
What is the thousands digit of 58516?
8
What is the ten thousands digit of 27665?
2
What is the tens digit of 3794335?
3
What is the tens digit of 6211518?
1
What is the tens digit of 560494?
9
What is the ten thousands digit of 2214692?
1
What is the units digit of 1097731?
1
What is the ten thousands digit of 3589322?
8
What is the tens digit of 660504?
0
What is the hundreds digit of 1739097?
0
What is the ten millions digit of 21100929?
2
What is the ten thousands digit of 766168?
6
What is the tens digit of 3745362?
6
What is the ten thousands digit of 28643977?
4
What is the tens digit of 11981187?
8
What is the units digit of 788374?
4
What is the tens digit of 398230?
3
What is the tens digit of 3236421?
2
What is the tens digit of 3583?
8
What is the hundred thousands digit of 521074?
5
What is the ten thousands digit of 835439?
3
What is the ten thousands digit of 337405?
3
What is the hundreds digit of 1487151?
1
What is the thousands digit of 1314828?
4
What is the thousands digit of 113096?
3
What is the millions digit of 1469236?
1
What is the ten thousands digit of 18640057?
4
What is the tens digit of 5593605?
0
What is the millions digit of 19946305?
9
What is the hundred thousands digit of 1053559?
0
What is the hundred thousands digit of 7204768?
2
What is the tens digit of 315879?
7
What is the thousands digit of 87014?
7
What is the millions digit of 1740048?
1
What is the ten thousands digit of 391025?
9
What is the tens digit of 8476318?
1
What is the units digit of 551034?
4
What is the hundred thousands digit of 3154688?
1
What is the hundreds digit of 2306360?
3
What is the ten thousands digit of 88637?
8
What is the tens digit of 200257?
5
What is the thousands digit of 261093?
1
What is the tens digit of 3767412?
1
What is the millions digit of 1272793?
1
What is the hundred thousands digit of 899348?
8
What is the units digit of 36664?
4
What is the millions digit of 8346692?
8
What is the units digit of 375569?
9
What is the ten thousands digit of 1710158?
1
What is the units digit of 3906126?
6
What is the ten millions digit of 38528873?
3
What is the tens digit of 10200909?
0
What is the hundreds digit of 3273724?
7
What is the hundreds digit of 36970181?
1
What is the hundred thousands digit of 5957319?
9
What is the tens digit of 1177312?
1
What is the thousands digit of 5121379?
1
What is the units digit of 70586?
6
What is the ten thousands digit of 89375?
8
What is the hundred thousands digit of 1664502?
6
What is the ten thousands digit of 20543094?
4
What is the thousands digit of 1067056?
7
What is the ten thousands digit of 67928?
6
What is the thousands digit of 24026274?
6
What is the thousands digit of 106491?
6
What is the thousands digit of 958337?
8
What is the thousands digit of 234905?
4
What is the thousands digit of 2067499?
7
What is the ten thousands digit of 135814?
3
What is the hundred thousands digit of 436445?
4
What is the hundreds digit of 3985903?
9
What is the units digit of 57879?
9
What is the units digit of 6024503?
3
What is the ten thousands digit of 11753294?
5
What is the hundred thousands digit of 947029?
9
What is the hundred thousands digit of 14182920?
1
What is the tens digit of 636498?
9
What is the ten thousands digit of 624034?
2
What is the tens digit of 1923636?
3
What is the ten thousands digit of 1108644?
0
What is the ten thousands digit of 17457884?
5
What is the ten thousands digit of 4177627?
7
What is the units digit of 16050891?
1
What is the units digit of 3682142?
2
What is the hundred thousands digit of 1162615?
1
What is the hundred thousands digit of 883351?
8
What is the tens digit of 4292?
9
What is the hundreds digit of 361830?
8
What is the hundreds digit of 3129659?
6
What is the hundred thousands digit of 2773326?
7
What is the ten thousands digit of 385654?
8
What is the units digit of 73889?
9
What is the tens digit of 6466192?
9
What is the tens digit of 15012122?
2
What is the units digit of 690946?
6
What is the hundreds digit of 853538?
5
What is the units digit of 7037627?
7
What is the hundreds digit of 6525730?
7
What is the ten millions digit of 17425110?
1
What is the thousands digit of 3188887?
8
What is the units digit of 434638?
8
What is the tens digit of 748425?
2
What is the tens digit of 6532764?
6
What is the thousands digit of 307571?
7
What is the ten thousands digit of 12231927?
3
What is the tens digit of 476612?
1
What is the hundred thousands digit of 8161241?
1
What is the tens digit of 128534?
3
What is the ten thousands digit of 167768?
6
What is the tens digit of 28904476?
7
What is the tens digit of 1205297?
9
What is the hundreds digit of 1308371?
3
What is the hundreds digit of 25725898?
8
What is the units digit of 3752954?
4
What is the hundreds digit of 2994274?
2
What is the thousands digit of 68007?
8
What is the tens digit of 899969?
6
What is the units digit of 187257?
7
What is the millions digit of 1299498?
1
What is the units digit of 4319252?
2
What is the thousands digit of 993222?
3
What is the tens digit of 426655?
5
What is the hundred thousands digit of 804890?
8
What is the ten thousands digit of 719529?
1
What is the ten thousands digit of 62078?
6
What is the hundred thousands digit of 2050733?
0
What is the hundreds digit of 3672103?
1
What is the tens digit of 635203?
0
What is the thousands digit of 4508545?
8
What is the millions digit of 1050043?
1
What is the hundred thousands digit of 8542219?
5
What is the hundreds digit of 1194319?
3
What is the ten thousands digit of 961383?
6
What is the tens digit of 6315?
1
What is the units digit of 112292?
2
What is the millions digit of 1893635?
1
What is the ten thousands digit of 2519716?
1
What is the millions digit of 31559432?
1
What is the thousands digit of 2947229?
7
What is the units di